et q(j) = j**3 + 2*j**2 + 2*j + 1. Let s be q(-2). Let x(l) be the first derivative of l + 5/2*l**2 + 1/3*l**3 - 7. What is x(s)?
-5
Let s be 12*((-5)/2 + 2). Let d(w) be the second derivative of w**5/120 - w**4/24 + 4*w**3/3 + 17*w. Let c(x) be the second derivative of d(x). What is c(s)?
-7
Let m(w) = w**3 + 9*w**2 - 9*w + 10. Let k(t) = -t + 1. Let x be k(-2). Suppose 8*c - x*c + 5*i = -30, -3*c = -i + 34. What is m(c)?
0
Let s(x) be the first derivative of -13*x**2/2 + 21*x - 89. Let u(b) = 7*b - 11. Let y(a) = -3*a. Let v be y(-2). Let c(z) = v*s(z) + 11*u(z). Give c(4).
1
Let s = 3 - 5. Let p(u) be the first derivative of -2*u - 2*u**2 - 7 - 2/3*u**3 + 1/4*u**4. What is p(s)?
-10
Suppose -158 - 232 = -65*n. Let s(h) be the third derivative of 0 + 0*h - 2/3*h**3 - n*h**2 - 7/60*h**5 - 1/120*h**6 - 1/12*h**4. Calculate s(-7).
10
Let h(b) = -b**2 - 4*b + 4. Suppose -498*j = -511*j - 52. Determine h(j).
4
Let x(u) = -u**2 + u. Let p(r) = -5*r**2 + 11*r - 10. Let d(s) = p(s) - 6*x(s). Give d(-7).
4
Let q = 60 + -58. Let l(w) = -34*w**q + 33*w**2 + 0 - 1. Let g = -3 - -5. Determine l(g).
-5
Let f be ((-14)/(-6))/((-973)/(-1251)). Let d(o) be the first derivative of -13 + 7*o - 4*o**2 + 1/3*o**f. What is d(6)?
-5
Let w(f) = -59*f + 11. Let j(x) = -14*x + 1. Let r(d) = 4*j(d) - w(d). Let l(n) = 2*n**3 - 3*n**2 + 2. Let p be l(2). Give r(p).
11
Let o = 67 - 64. Let t(b) = 7*b**3 - 2 + 0 + 2*b**2 - 8*b**o + b. Calculate t(3).
-8
Let t(c) = c + 5. Suppose -31*o = -33*o - 4. Let f(z) = z + 4. Let d(n) = o*t(n) + 3*f(n). Calculate d(-6).
-4
Suppose -4*v + 6 = 26. Let y(b) = b**2 + 4*b + 4. Calculate y(v).
9
Let r(a) = -103*a**2 - 111*a**2 + 213*a**2 + 16 - 7*a + 0*a - 2. Give r(-10).
-16
Let q(z) = -6*z + 5*z + 0 + 3. Let c be -1 - (16/(-4) + 1). Suppose -12 = 3*b, 2*n - 3*b + 4 = -c*n. What is q(n)?
7
Let r = -29 - -31. Suppose 0 = -0*c - 2*c - 2*s - 2, 5*c + 33 = r*s. Let z(o) = o**3 + 6*o**2 + 5*o + 5. Give z(c).
5
Let s(z) = 13*z**3 - 3*z**2 - 6*z - 5. Let t(m) = -2*m**3 + m + 1. Let j(a) = s(a) + 6*t(a). Give j(-2).
-19
Suppose -138 = -31*u - 14. Let s(q) = q**2 - 7*q + 4. Calculate s(u).
-8
Let t(s) = -8*s - 1. Let b = 1343 + -1338. Give t(b).
-41
Let k = 32 + -29. Let n(d) = -7*d**3 + 16*d**2 - 16*d + 20. Let z(q) = -4*q**3 + 8*q**2 - 8*q + 10. Let v(c) = k*n(c) - 5*z(c). What is v(7)?
3
Let y(l) = -l**3 - l - 6. Let t be (8 - 2) + 1 + -5. Suppose -t*v + 2*o = o - 3, -3*o - 9 = 0. Calculate y(v).
-6
Let c(l) = -l**2 - 11*l - 26. Let r(k) = -k**2 - 39*k - 373. Let q be r(-16). Give c(q).
4
Let g(y) = -7*y**2 - 23*y + 16. Let f(x) = -3*x**2 - 11*x + 8. Let l(t) = -5*f(t) + 2*g(t). Let j(w) = -w - 3. Let o be j(6). What is l(o)?
-8
Suppose -11*f - 24 = -15*f. Let g(h) = -h + 4. Determine g(f).
-2
Let b(n) = -n + 4. Let d be b(3). Let t(u) = 5*u + 1. What is t(d)?
6
Let u(k) = -7*k**2 - 19. Let b(n) = -n**2 - n - 2. Let m(y) = -6*b(y) + u(y). Give m(2).
1
Let u(v) be the third derivative of 1/24*v**4 - 6*v**2 + 0 - 2/3*v**3 + 1/60*v**5 + 0*v. Calculate u(0).
-4
Let t(f) = f**2 + 7*f - 8. Suppose -2*r = -9*r - 49. What is t(r)?
-8
Let g(w) be the first derivative of -7*w**3/3 - w**2 + w - 153. Calculate g(1).
-8
Let i be (21/12)/(2/(-8)). Let g(d) be the first derivative of -d**2/2 - 3*d + 23. What is g(i)?
4
Suppose -174 - 16 = 38*f. Let c(d) = -d. Calculate c(f).
5
Let k(d) = -6*d + 0*d**2 - 1 - 7*d - d**3 - 12*d + 22*d - 5*d**2. Determine k(-4).
-5
Let k(o) = -2*o**2 + 17*o + 15. Let l be k(9). Let r(n) = -n**2 + 6*n - 3. Give r(l).
-3
Let c(d) be the second derivative of -d**7/840 + d**6/90 + d**5/60 - 19*d**3/6 - 21*d. Let a(h) be the second derivative of c(h). Calculate a(5).
-15
Let n(o) = 6*o. Let l(x) = -x**3 - 5*x**2 + 2*x + 6. Let s be l(-5). Let h = -5 - s. Let g be n(h). Let k(c) = -c - 14. Give k(g).
-8
Let y be 1*18/12*4. Suppose p - 15 = -y. Let w(s) = 2*s - 13. Determine w(p).
5
Let f = -4 - 1. Let t(s) be the first derivative of -s**2/2 - 2*s - 91. Give t(f).
3
Let u(j) = -j**2 - 2*j - 2. Let v(a) = 4*a**2 + 3*a - 4. Let m(t) = 5*u(t) + v(t). What is m(-5)?
-4
Let o be 138/7 - 14/(-49). Suppose -o = -6*g + 2*g. Let v(y) = 6 - g - 3*y + 3*y**2 - 4*y**2. What is v(-4)?
-3
Let i(j) = -j**2 + j - 2. Let k(t) = 2*t**2 - t + 3. Let v(b) = 3*i(b) + 2*k(b). Calculate v(-2).
2
Let r = 18 + -19. Let t(u) be the second derivative of 2*u**4/3 + u**3/6 + 3*u. Give t(r).
7
Let v(g) = g**3 - 8*g**2 + g + 2. Let j(i) = 2*i + 16. Let w be j(-4). Give v(w).
10
Let s(r) = -19*r**2 + 4*r + 8. Let n(u) = 7*u**2 + u - 1. Let c(h) = 3*n(h) + s(h). What is c(-2)?
-1
Let w(u) = 7*u**3 - u + 1. Let r be 4*(-2 - 2)/4. Let y be (0/(-3))/((-8)/r). Let n be (-1 + y)*(-3 + 2). Determine w(n).
7
Let l(u) = u + 12. Suppose 0 = -5*f + 20 - 70. Let t be l(f). Suppose -1 + 3 = t*j. Let r(i) = -2*i**2 - 2*i + 1. Calculate r(j).
-3
Let o(b) = -11*b. Let g(s) = s**3 - 5*s**2 - 5*s - 5. Let c be -9*(8/(-12))/1. Let a be g(c). Determine o(a).
-11
Suppose -2*n + 14 = 2*r, -2*r - 3 + 1 = -2*n. Let j(l) = 2*l**2 - 10 + n + 2*l**2 - 3*l**2. What is j(0)?
-6
Let l(j) be the second derivative of 1/12*j**4 - 4*j + 2*j**2 + 5/6*j**3 + 0. Suppose -5*i + 4*k = -i + 20, -4*i - 4*k - 20 = 0. Determine l(i).
4
Let u(w) = w**3 + 6*w**2 + 8. Suppose 3*l = 5*a + 7*l + 30, -3*a + 2*l - 18 = 0. Determine u(a).
8
Suppose -32 = -m + 5*p, 0 = 2*m - 0*p - 4*p - 34. Let x(l) = -5*l**2 + 12 + 5 + 3*l + m - 26 + l**3. Determine x(3).
-11
Let v(d) = 2*d**3 - 21*d**2 + 9*d + 6. Let b(m) = -m**3 + 10*m**2 - 4*m - 3. Let z(t) = -13*b(t) - 6*v(t). Give z(4).
-5
Let i(x) = 14*x**2 + 24*x - 26. Let d(o) = 5*o**2 + 8*o - 9. Let t(r) = 17*d(r) - 6*i(r). Let g = -904 - -909. Calculate t(g).
-12
Let o = 60 + -50. Let r(m) = -m**3 + 9*m**2 + 10*m - 8. Give r(o).
-8
Let z(v) = 3*v + 2. Let x be z(2). Let q(m) be the second derivative of -m**4/12 + m**3 - m**2 + 189*m. Determine q(x).
-18
Let a be 0 + (-1 - (-1 - 2)). Let u(y) = y**2 + 4*y - 2 - 5*y + a*y. Give u(2).
4
Let d(u) = -u**2 - 10*u - 7. Let l be d(-9). Suppose -2*r = -h + 7, 4*r = 7*h - l*h - 23. Let n(k) = k + k + 1 - h*k - k**3 - 4*k**2 + 0*k. What is n(-3)?
-5
Let k(l) = -8*l**2 - 32*l + 28. Let u be k(-5). Let f(a) = -a - 17. Give f(u).
-5
Suppose p + 4 = -p. Let t be p/4*(-2 - 0). Let q(y) = 3 + 7*y - 7 + 3. What is q(t)?
6
Let m(w) = -w**3 + 8*w**2 - 7*w - 34. Let n be m(4). Let b(l) be the third derivative of -1/12*l**4 + 8*l**n - 1/2*l**3 + 0*l - 1/60*l**5 + 0. Calculate b(-3).
-6
Let f(w) = -w**2 + 3*w + 3. Suppose -q - 10 = -4*u, q = 3*u - 0 - 7. Suppose 3*p - s + 7 = 0, q*p = 4*p - 4*s + 8. What is f(p)?
-7
Let a(m) = -m + 3. Let g be a(0). Let o(l) = -3*l**3 - 4*l**2 + 5*l - 4. Let q(h) = -5*h**3 - 8*h**2 + 10*h - 8. Let i(f) = 7*o(f) - 4*q(f). Calculate i(g).
-2
Let u = 265 - 285. Let t(q) = q**3 + 21*q**2 + 20*q + 6. Determine t(u).
6
Suppose 10 = -2*c, 4*c = -j + 104 - 130. Let v(k) = k**3 + 7*k**2 + 6*k - 4. Give v(j).
-4
Let z = -26 + 29. Suppose -z*t + 4*i - 7 = 2*i, 5*t = i. Let a(u) = 9*u**3 - u + 1. Give a(t).
9
Suppose 5*r - 12 = -2*l + r, r - 8 = -3*l. Suppose 6 = -5*j + l*a + 38, 0 = 4*j + 2*a - 40. Suppose -2*o + j = -0*o. Let t(u) = u**2 - 4*u + 6. Calculate t(o).
6
Let c = 29 - 35. Let b(t) be the first derivative of 2 - 1/2*t**2 - 2*t**3 - 1/4*t**4 - 3*t. What is b(c)?
3
Let u(k) = -k**2 - 9*k - 7. Let d(l) = -l**2 + 9*l - 21. Let n(m) = m**3 + 2*m - 2*m**2 - 10*m + 8*m**2. Let q be n(-7). Let b be d(q). Determine u(b).
7
Let v(p) = -p**3 + 2*p**2 - p + 7. Let y(d) = -d**3 + d**2 + 8. Let m(w) = -7*v(w) + 6*y(w). Let k be -2 + -13 - -17 - (-3 - 2). Give m(k).
-1
Let w(x) = -x**2 - 8*x + 10. Let g = -1225 - -1215. Give w(g).
-10
Let l(b) = -b - 12. Let o be l(-10). Let y(n) = 8*n + 18. Let d be y(o). Let j(w) = 2*w**3 - 3*w**2. Calculate j(d).
4
Let t(u) be the third derivative of -u**4/8 - u**3/2 - 3*u**2. Let g be t(-2). Let h(b) = b. Let l(p) = 4*p + 3. Let s(y) = 3*h(y) - l(y). Give s(g).
-6
Let q(p) = p + 9. Let v be q(-7). Let z(u) = -8*u**3 - 3*u**2 - u + 1. Let t(i) = -9*i**3 - 4*i**2 - 2*i + 1. Let d(j) = v*t(j) - 3*z(j). Determine d(-1).
-5
Suppose -6*l = -84 - 18. Let d(k) = -k - 33 + l + 14. What is d(0)?
-2
Let b(p) = 11*p + 45. Let y(r) = -5*r - 20. Let c(g) = 4*b(g) + 9*y(g). Suppose f + 3 - 6 = 0. Wha